ime factors of f.
29
Let l(p) = 2*p - 9. Let j be l(6). Let d = 113 + -17. What are the prime factors of d/40*10/j?
2
Let s = -244 - -99. Let k = s - -252. List the prime factors of k.
107
Suppose 97*d = 71*d + 64116. List the prime factors of d.
2, 3, 137
Let f = -426 + 457. What are the prime factors of f?
31
Let c = -8 + 6. Let q(b) = b**3 - 8*b**2 - 10*b + 4. Let o be q(9). Let i = c - o. List the prime factors of i.
3
Let a(p) = 3*p**3 - p**2 + 3*p - 2. Let g be a(1). Suppose -3*z + 18 = g*z. List the prime factors of z.
3
Let x = 540 - 759. List the prime factors of (-4)/6*x/2.
73
Let b(h) be the second derivative of h**5/20 - 3*h**4/4 - 5*h**3/6 + 7*h**2/2 - 6*h. List the prime factors of b(10).
3, 19
Let r(q) = 143*q**2 + 4*q + 5. Let k(t) = -71*t**2 - 2*t - 2. Let u(a) = -7*k(a) - 3*r(a). What are the prime factors of u(1)?
3, 23
Let i(d) = 8*d**2 + 11*d + 23. Let u be (6/7)/(4/(-2*14)). What are the prime factors of i(u)?
5, 7
Suppose 2*a + 20 = -5*w, 0 = 3*w - 5 - 1. Let g = 11 + a. Let k = g - -33. What are the prime factors of k?
29
Let v(d) = -28*d + 65. List the prime factors of v(-10).
3, 5, 23
Let z be (0 - 18/4)*4/(-6). Suppose 16*w - z*w - 1027 = 0. What are the prime factors of w?
79
Let w(o) = 4*o**3 - o**2 + 3*o + 2. Let x(a) = -7*a**3 + 3*a**2 - 5*a - 4. Let f(z) = 5*w(z) + 3*x(z). Let y = -158 - -161. List the prime factors of f(y).
7
Let u = 11 + 20. Suppose -2*c - 5*k + 104 = 0, k - 15 = -c + u. List the prime factors of c/(-35)*110/(-4).
3, 11
Suppose -22 = -o + 26. Suppose 0 = 2*v - 8*v + 42. Let b = v + o. What are the prime factors of b?
5, 11
Suppose -2*a + a + 2 = 0. Suppose -39 = -3*u + 57. Suppose a*z = -u + 176. What are the prime factors of z?
2, 3
Let t = -279 + 398. What are the prime factors of t?
7, 17
Suppose 17*g - 2737 = 14*g + 4*b, -5*g = -2*b - 4585. List the prime factors of g.
919
Suppose 2*b + b - 1041 = 3*x, -1747 = -5*b + x. What are the prime factors of b?
2, 5, 7
Let g = 366 - -549. List the prime factors of g.
3, 5, 61
Suppose 5*c = -2 + 17. Suppose -9 = -4*d - h, 0*h + c = 2*d - h. Suppose -d = -4*o + 94. List the prime factors of o.
2, 3
Let f(h) = 640*h - 5. Let k be f(1). Suppose 5*c - k = -3*l, 3*c + l - 377 = -0*c. What are the prime factors of c?
2, 31
Let o be 21*((-12)/(-28) + 3). Let s = o - 12. List the prime factors of s.
2, 3, 5
Suppose -192 = -5*y - 4*v, 69 = 2*y - v - 0*v. Let k = y + 40. List the prime factors of k.
2, 19
Let o be 81/(-3)*(0 - -1). Let g = o + 39. What are the prime factors of (-3)/g*-14*2?
7
Let s(a) = 3*a + 9. Let v be s(-2). Suppose -60 = -3*t + v*m, -4*m + 97 - 27 = 2*t. What are the prime factors of t?
5
Let l(a) = -11*a - 1. Let g(u) be the first derivative of u**3/3 + 3*u**2 + 5*u - 4. Let s be g(-4). What are the prime factors of l(s)?
2
Let w be (-272)/(-28) + 4/14. Suppose 5*r - g + 4*g = 10, 0 = 2*g + w. Suppose 5*t = -0*t - 2*z + 10, -r*t + z = -25. List the prime factors of t.
2
Let m(y) = 5*y**2 - 33*y - 197. List the prime factors of m(-9).
5, 101
Let s = 187 + 11. List the prime factors of s.
2, 3, 11
What are the prime factors of (74/8)/(1/24)?
2, 3, 37
Suppose 3*u = -2*j + 4*j + 30, 0 = 2*u + 2*j - 10. Suppose 308 = 4*o - 5*t, 3*t + 78 - u = o. List the prime factors of o.
2, 41
Let x(k) = 1135*k**2 + 53*k - 112. List the prime factors of x(2).
2, 2267
Let s = 119 - 115. What are the prime factors of 1 - -4*2/s - -166?
13
Let q(t) = 2*t**2 + 6*t**3 - 5*t**3 - 3*t - 4*t**2. Let j be q(3). Suppose j = 3*n - 0*n - 36. What are the prime factors of n?
2, 3
Suppose 30*x = 38*x - 5680. List the prime factors of x.
2, 5, 71
Suppose -4*a - 2*x = -22, 17 + 6 = 4*a + x. Let n be (a/5)/((-4)/(-10)). Suppose 2*w = -n*t - 7, 0*t - t = -4*w + 21. List the prime factors of w.
2
Suppose 0 = -4*i + 115 + 33. Let k be 4 + (-5)/1 - -41. List the prime factors of (-3)/(1 - k/i).
37
Let t(h) = h**3 - 6*h**2 + 5*h + 4. Let x be t(5). Let c be (-1170)/(-21) - x/(-14). Let u = c + -33. List the prime factors of u.
23
Suppose y + 399 = 3*b + 2*y, 2*y = -3*b + 396. Let i(l) = -5*l + 1. Let n be i(-5). Suppose b = -n*h + 28*h. What are the prime factors of h?
67
Let w(z) = z**2 - 2*z + 3. Let u be w(3). Let c(q) = 3*q - 6. Let v be c(7). Let o = v - u. List the prime factors of o.
3
Let y = 1328 + -205. List the prime factors of y.
1123
Let x be ((-11)/(-22))/((-1)/356). List the prime factors of (-1)/4 - x/8.
2, 11
Suppose 0 = 4*b + 12, -2*n + 5*b = 10*b - 5187. What are the prime factors of n?
3, 17
Let c be (-3)/(4/(100/(-15))). Suppose -c*j + h + 2 = -5, 3*j + 5*h - 21 = 0. Suppose 0*r = -j*r + 84. List the prime factors of r.
2, 3, 7
Let r(n) = -n**2 - 42*n + 296. What are the prime factors of r(-28)?
2, 43
Suppose 4*f + 5*c = -162 - 63, -4*f - 3*c = 231. Let q be 202/(-8) + 10/8 + -1. Let k = q - f. What are the prime factors of k?
5, 7
Let r be (-397)/(-5) + 2/(-5). Let b be (-2)/(-10) - 266/(-70). Suppose -85 = -b*z + r. List the prime factors of z.
41
Let g(o) = 13*o**2 + 29*o + 37. What are the prime factors of g(-10)?
3, 349
Let a = -23 + 16. Let f(n) = 2*n**2 - 2*n - 1. Let y be f(a). Suppose 2*i - y - 5 = 0. What are the prime factors of i?
2, 29
Let i = 332 + -211. What are the prime factors of i?
11
Suppose 5*o - 11365 = 4*a - 3*a, -6819 = -3*o + 4*a. What are the prime factors of o?
2273
List the prime factors of 7/(34398/4911 + -7).
1637
Suppose -5*z - 2*t = -38, 3*z = 2*z - 5*t + 26. Suppose -5*d + 3*p + 705 = -2*p, -3*p - z = 0. What are the prime factors of d?
139
Let x(h) = 2*h**3 + h**2 - 2*h. Let p be x(1). Suppose -p - 49 = -z. List the prime factors of z.
2, 5
What are the prime factors of (3 + 74/6)/((-2)/(-33))?
11, 23
List the prime factors of 8*402/(-4)*(-13)/78.
2, 67
Let g(a) = -88*a - 10. Suppose 0 = -0*r - 5*r - 10. What are the prime factors of g(r)?
2, 83
Let u be -5 + 1/(-3)*-9. Let b(w) = -5*w**3 + 2*w**2 - w + 1. List the prime factors of b(u).
3, 17
Suppose 307 = 4*r + 31. Let t = r - -4. List the prime factors of t.
73
Let o = -17 + 36. Let r be (-2)/(-7) + o/7. Suppose 4*f - 194 = -3*d, f - 2*d = r*d + 60. What are the prime factors of f?
2, 5
Let a(p) = -10*p - 3. Let l be a(-1). Let g(b) = b**2 - 7 - 5*b - b + 8*b**2 - b**3. List the prime factors of g(l).
7
Suppose -7*n - 12 = -6*n. Let s(w) = w**3 + 12*w**2 - 3*w + 2. What are the prime factors of s(n)?
2, 19
Let a = 4 - 0. Suppose a*d - 3*z - 301 = 122, 4*z + 20 = 0. List the prime factors of d.
2, 3, 17
Let h(s) = 225*s**2 - 8*s - 5. List the prime factors of h(-1).
2, 3, 19
Let o = -347 + 555. Let y = o + -109. List the prime factors of y.
3, 11
Suppose a + a + u - 272 = 0, -5*a = -4*u - 654. What are the prime factors of a?
2, 67
Let o = 130 - 106. Suppose -o*n + 3843 = -3*n. What are the prime factors of n?
3, 61
List the prime factors of (-358)/(-3)*30/5.
2, 179
Let c(b) = -23*b**2 + 33*b - 74. Let l(q) = 8*q**2 - 11*q + 25. Let i(w) = -6*c(w) - 17*l(w). List the prime factors of i(8).
59
Let k(p) = -45*p + 28. List the prime factors of k(-8).
2, 97
Suppose 0 = -4*t + 2*t - 4*l - 848, -4*t + 2*l = 1696. Let g = -232 - t. Suppose 0*y + 4*y = g. What are the prime factors of y?
2, 3
Let q be 213/6*-2*1. Let x = q + 208. What are the prime factors of x?
137
Let q(i) = -4579*i**3 - 3*i**2 - 22*i - 20. List the prime factors of q(-1).
2, 3, 7, 109
Suppose -4*q + 3 = -z, 0*z = -4*q + 2*z + 6. Suppose 0 = -3*b + h + 57, -4*b - 4*h + 7*h = -71. Let c = q + b. What are the prime factors of c?
2, 5
Suppose 6*u - 16*u + 36420 = 0. List the prime factors of u.
2, 3, 607
What are the prime factors of 122*20/(-30)*6/(-8)?
61
Let n be 6/27 - (-2755)/(-45). Let q be n/(-3) - (-1)/(-3). Suppose s + 0*m - m = 23, 5*m = -q. List the prime factors of s.
19
Suppose -297*d + 295*d = -352. What are the prime factors of d?
2, 11
Let k = -252 - -256. Suppose d - 280 = -3*d. Suppose k*s - 2*s - d = 0. List the prime factors of s.
5, 7
Let c(z) = -z**2 + z - 1. Let m(y) = -51*y**2 + 2*y - 1. Suppose 0*q + 4*q = 4. Let g(t) = q*c(t) - m(t). List the prime factors of g(-1).
3, 17
Suppose 4*w + 0*w - 25 = -5*p, -3*w + 10 = 2*p. Suppose h = 2*h - p. Suppose h*f - 69 = 156. List the prime factors of f.
3, 5
Let g(c) = 13*c**2 + 10*c - 1. List the prime factors of g(-5).
2, 137
Let r = -791 - -1